{"id":2852,"date":"2019-03-15T08:58:28","date_gmt":"2019-03-15T08:58:28","guid":{"rendered":"https:\/\/dms.hallco.org\/web\/?page_id=2852"},"modified":"2026-02-20T15:02:24","modified_gmt":"2026-02-20T15:02:24","slug":"parent-survey-links","status":"publish","type":"page","link":"https:\/\/dms.hallco.org\/web\/parent-survey-links\/","title":{"rendered":"Parent Survey"},"content":{"rendered":"\n<style type=\"text\/css\" data-created_by=\"avia_inline_auto\" id=\"style-css-av-lfcwr07l-311bbb46bfab0e5ea63d88152006cae8\">\n.avia-image-container.av-lfcwr07l-311bbb46bfab0e5ea63d88152006cae8 img.avia_image{\nbox-shadow:none;\n}\n.avia-image-container.av-lfcwr07l-311bbb46bfab0e5ea63d88152006cae8 .av-image-caption-overlay-center{\ncolor:#ffffff;\n}\n<\/style>\n<div  class='avia-image-container av-lfcwr07l-311bbb46bfab0e5ea63d88152006cae8 av-styling- avia-align-center  avia-builder-el-0  el_before_av_heading  avia-builder-el-first '   itemprop=\"image\" itemscope=\"itemscope\" itemtype=\"https:\/\/schema.org\/ImageObject\" ><div class=\"avia-image-container-inner\"><div class=\"avia-image-overlay-wrap\"><img decoding=\"async\" fetchpriority=\"high\" class='wp-image-7185 avia-img-lazy-loading-not-7185 avia_image ' src=\"https:\/\/dms.hallco.org\/web\/wp-content\/uploads\/2023\/03\/Parent-Engagement-Survey.png\" alt='' title='Parent Engagement Survey'  height=\"300\" width=\"1200\"  itemprop=\"thumbnailUrl\" srcset=\"https:\/\/dms.hallco.org\/web\/wp-content\/uploads\/2023\/03\/Parent-Engagement-Survey.png 1200w, https:\/\/dms.hallco.org\/web\/wp-content\/uploads\/2023\/03\/Parent-Engagement-Survey-300x75.png 300w, https:\/\/dms.hallco.org\/web\/wp-content\/uploads\/2023\/03\/Parent-Engagement-Survey-1030x258.png 1030w, https:\/\/dms.hallco.org\/web\/wp-content\/uploads\/2023\/03\/Parent-Engagement-Survey-768x192.png 768w, https:\/\/dms.hallco.org\/web\/wp-content\/uploads\/2023\/03\/Parent-Engagement-Survey-705x176.png 705w\" sizes=\"(max-width: 1200px) 100vw, 1200px\" \/><\/div><\/div><\/div>\n\n<style type=\"text\/css\" data-created_by=\"avia_inline_auto\" id=\"style-css-av-l0baf0pb-2afb88236f1551f13ed47bdf4926d520\">\n#top .av-special-heading.av-l0baf0pb-2afb88236f1551f13ed47bdf4926d520{\npadding-bottom:25px;\ncolor:#cd2435;\n}\nbody .av-special-heading.av-l0baf0pb-2afb88236f1551f13ed47bdf4926d520 .av-special-heading-tag .heading-char{\nfont-size:25px;\n}\n.av-special-heading.av-l0baf0pb-2afb88236f1551f13ed47bdf4926d520 .special-heading-inner-border{\nborder-color:#cd2435;\n}\n.av-special-heading.av-l0baf0pb-2afb88236f1551f13ed47bdf4926d520 .av-subheading{\nfont-size:15px;\n}\n<\/style>\n<div  class='av-special-heading av-l0baf0pb-2afb88236f1551f13ed47bdf4926d520 av-special-heading-h1 custom-color-heading  avia-builder-el-1  el_after_av_image  el_before_av_hr '><h1 class='av-special-heading-tag '  itemprop=\"headline\"  >FY27 C.W. Davis Middle School Parent and Family Engagement Survey Spring 2026 \/ Encuesta de Padres y Familias Primavera 2026<\/h1><div class=\"special-heading-border\"><div class=\"special-heading-inner-border\"><\/div><\/div><\/div>\n<div  class='hr av-hechw-78cd044e9bdf3e7c4155543638ae33d9 hr-default  avia-builder-el-2  el_after_av_heading  el_before_av_textblock '><span class='hr-inner '><span class=\"hr-inner-style\"><\/span><\/span><\/div>\n<section  class='av_textblock_section av-k1wbbylr-1ba1cd9f8042edad6e441523fa7f3d23 '   itemscope=\"itemscope\" itemtype=\"https:\/\/schema.org\/CreativeWork\" ><div class='avia_textblock'  itemprop=\"text\" ><p><span style=\"font-family: georgia, palatino, serif;\">Dear Parents,<\/span><\/p>\n<p><span style=\"font-family: georgia, palatino, serif;\">As we continuously seek to improve the Hall County School District, we want to know how you, as a parent or guardian, feel the schools and the district are doing to meet the needs of students and all stakeholders. <\/span><\/p>\n<p><span style=\"font-family: georgia, palatino, serif;\">The information that you provide in this survey will help us evaluate and improve how our schools, families and parents work together to help all students achieve academic success<\/span><span style=\"font-family: georgia, palatino, serif;\">.<\/span><\/p>\n<p>Please click the link below to complete the survey online.<\/p>\n<p>Your opinions and suggestions are valuable, and we thank you for your input.<\/p>\n<h3>Survey: <a href=\"https:\/\/forms.gle\/cVQmwTQsAwR9ZUtd6\"><strong>Click Here<\/strong><\/a><\/h3>\n<p>&#8212;&#8212;&#8212;&#8212;&#8212;&#8212;&#8212;&#8212;&#8212;&#8212;&#8212;&#8212;&#8212;&#8212;&#8212;<\/p>\n<p><span style=\"font-family: Calibri,sans-serif; font-size: small;\"><span style=\"font-size: medium;\"><span lang=\"es-US\">Queridos padres\/tutores,<\/span><\/span><\/span><\/p>\n<p><span style=\"font-family: Calibri,sans-serif; font-size: small;\"><span style=\"font-size: medium;\"><span lang=\"es-US\">Debido a que buscamos continuamente mejorar el Distrito Escolar del Condado de Hall, queremos saber c\u00f3mo usted, como padre o tutor, siente que las escuelas y el distrito est\u00e1n trabajando para satisfacer las necesidades de los estudiantes y todos los miembros de la comunidad. Ay\u00fadenos con este proceso completando la encuesta en l\u00ednea.<\/span><\/span><\/span><\/p>\n<p><span style=\"font-family: Calibri,sans-serif; font-size: small;\"><span style=\"font-size: medium;\"><span lang=\"es-US\">La informaci\u00f3n que nos proporcione nos ayudar\u00e1 a evaluar y mejorar la manera en que nuestras escuelas, distrito, familias y padres trabajan juntos para ayudar a todos los estudiantes a lograr el \u00e9xito acad\u00e9mico.<\/span><\/span><\/span><\/p>\n<p><span style=\"font-family: Calibri,sans-serif; font-size: small;\"><span style=\"font-size: medium;\"><span lang=\"es-US\">Por favor presione en el enlace (link) de abajo para completar la encuesta en l\u00ednea.<\/span><\/span><\/span><\/p>\n<p><span style=\"font-family: Calibri,sans-serif; font-size: small;\"><span style=\"font-size: medium;\"><span lang=\"es-US\">Sus opiniones y sugerencias son muy valiosas, y le agradecemos su aporte.<\/span><\/span><\/span><\/p>\n<div><\/div>\n<h3>Encuesta: <strong><a href=\"https:\/\/forms.gle\/cVQmwTQsAwR9ZUtd6\">Haga clic aqui<\/a><\/strong><\/h3>\n<\/div><\/section>\n<div  class='hr av-37e2yc-68eac5b8c8fce2277362d2c54409bb45 hr-default  avia-builder-el-4  el_after_av_textblock  avia-builder-el-last '><span class='hr-inner '><span class=\"hr-inner-style\"><\/span><\/span><\/div>\n","protected":false},"excerpt":{"rendered":"","protected":false},"author":13,"featured_media":0,"parent":0,"menu_order":0,"comment_status":"closed","ping_status":"closed","template":"","meta":{"_monsterinsights_skip_tracking":false,"_monsterinsights_sitenote_active":false,"_monsterinsights_sitenote_note":"","_monsterinsights_sitenote_category":0,"footnotes":""},"class_list":["post-2852","page","type-page","status-publish","hentry"],"yoast_head":"<!-- This site is optimized with the Yoast SEO plugin v27.4 - https:\/\/yoast.com\/product\/yoast-seo-wordpress\/ -->\n<title>Parent Survey - Davis Middle School<\/title>\n<meta name=\"robots\" content=\"index, follow, max-snippet:-1, max-image-preview:large, max-video-preview:-1\" \/>\n<link rel=\"canonical\" href=\"https:\/\/dms.hallco.org\/web\/parent-survey-links\/\" \/>\n<meta property=\"og:locale\" content=\"en_US\" \/>\n<meta property=\"og:type\" content=\"article\" \/>\n<meta property=\"og:title\" content=\"Parent Survey - Davis Middle School\" \/>\n<meta property=\"og:url\" content=\"https:\/\/dms.hallco.org\/web\/parent-survey-links\/\" \/>\n<meta property=\"og:site_name\" content=\"Davis Middle School\" \/>\n<meta property=\"article:modified_time\" content=\"2026-02-20T15:02:24+00:00\" \/>\n<meta name=\"twitter:card\" content=\"summary_large_image\" \/>\n<meta name=\"twitter:label1\" content=\"Est. reading time\" \/>\n\t<meta name=\"twitter:data1\" content=\"2 minutes\" \/>\n<script type=\"application\/ld+json\" class=\"yoast-schema-graph\">{\"@context\":\"https:\\\/\\\/schema.org\",\"@graph\":[{\"@type\":\"WebPage\",\"@id\":\"https:\\\/\\\/dms.hallco.org\\\/web\\\/parent-survey-links\\\/\",\"url\":\"https:\\\/\\\/dms.hallco.org\\\/web\\\/parent-survey-links\\\/\",\"name\":\"Parent Survey - Davis Middle School\",\"isPartOf\":{\"@id\":\"https:\\\/\\\/dms.hallco.org\\\/web\\\/#website\"},\"datePublished\":\"2019-03-15T08:58:28+00:00\",\"dateModified\":\"2026-02-20T15:02:24+00:00\",\"breadcrumb\":{\"@id\":\"https:\\\/\\\/dms.hallco.org\\\/web\\\/parent-survey-links\\\/#breadcrumb\"},\"inLanguage\":\"en-US\",\"potentialAction\":[{\"@type\":\"ReadAction\",\"target\":[\"https:\\\/\\\/dms.hallco.org\\\/web\\\/parent-survey-links\\\/\"]}]},{\"@type\":\"BreadcrumbList\",\"@id\":\"https:\\\/\\\/dms.hallco.org\\\/web\\\/parent-survey-links\\\/#breadcrumb\",\"itemListElement\":[{\"@type\":\"ListItem\",\"position\":1,\"name\":\"Home\",\"item\":\"https:\\\/\\\/dms.hallco.org\\\/web\\\/welcome\\\/\"},{\"@type\":\"ListItem\",\"position\":2,\"name\":\"Parent Survey\"}]},{\"@type\":\"WebSite\",\"@id\":\"https:\\\/\\\/dms.hallco.org\\\/web\\\/#website\",\"url\":\"https:\\\/\\\/dms.hallco.org\\\/web\\\/\",\"name\":\"Davis Middle School\",\"description\":\"Davis Middle School\",\"potentialAction\":[{\"@type\":\"SearchAction\",\"target\":{\"@type\":\"EntryPoint\",\"urlTemplate\":\"https:\\\/\\\/dms.hallco.org\\\/web\\\/?s={search_term_string}\"},\"query-input\":{\"@type\":\"PropertyValueSpecification\",\"valueRequired\":true,\"valueName\":\"search_term_string\"}}],\"inLanguage\":\"en-US\"}]}<\/script>\n<!-- \/ Yoast SEO plugin. -->","yoast_head_json":{"title":"Parent Survey - Davis Middle School","robots":{"index":"index","follow":"follow","max-snippet":"max-snippet:-1","max-image-preview":"max-image-preview:large","max-video-preview":"max-video-preview:-1"},"canonical":"https:\/\/dms.hallco.org\/web\/parent-survey-links\/","og_locale":"en_US","og_type":"article","og_title":"Parent Survey - Davis Middle School","og_url":"https:\/\/dms.hallco.org\/web\/parent-survey-links\/","og_site_name":"Davis Middle School","article_modified_time":"2026-02-20T15:02:24+00:00","twitter_card":"summary_large_image","twitter_misc":{"Est. reading time":"2 minutes"},"schema":{"@context":"https:\/\/schema.org","@graph":[{"@type":"WebPage","@id":"https:\/\/dms.hallco.org\/web\/parent-survey-links\/","url":"https:\/\/dms.hallco.org\/web\/parent-survey-links\/","name":"Parent Survey - Davis Middle School","isPartOf":{"@id":"https:\/\/dms.hallco.org\/web\/#website"},"datePublished":"2019-03-15T08:58:28+00:00","dateModified":"2026-02-20T15:02:24+00:00","breadcrumb":{"@id":"https:\/\/dms.hallco.org\/web\/parent-survey-links\/#breadcrumb"},"inLanguage":"en-US","potentialAction":[{"@type":"ReadAction","target":["https:\/\/dms.hallco.org\/web\/parent-survey-links\/"]}]},{"@type":"BreadcrumbList","@id":"https:\/\/dms.hallco.org\/web\/parent-survey-links\/#breadcrumb","itemListElement":[{"@type":"ListItem","position":1,"name":"Home","item":"https:\/\/dms.hallco.org\/web\/welcome\/"},{"@type":"ListItem","position":2,"name":"Parent Survey"}]},{"@type":"WebSite","@id":"https:\/\/dms.hallco.org\/web\/#website","url":"https:\/\/dms.hallco.org\/web\/","name":"Davis Middle School","description":"Davis Middle School","potentialAction":[{"@type":"SearchAction","target":{"@type":"EntryPoint","urlTemplate":"https:\/\/dms.hallco.org\/web\/?s={search_term_string}"},"query-input":{"@type":"PropertyValueSpecification","valueRequired":true,"valueName":"search_term_string"}}],"inLanguage":"en-US"}]}},"_links":{"self":[{"href":"https:\/\/dms.hallco.org\/web\/wp-json\/wp\/v2\/pages\/2852","targetHints":{"allow":["GET"]}}],"collection":[{"href":"https:\/\/dms.hallco.org\/web\/wp-json\/wp\/v2\/pages"}],"about":[{"href":"https:\/\/dms.hallco.org\/web\/wp-json\/wp\/v2\/types\/page"}],"author":[{"embeddable":true,"href":"https:\/\/dms.hallco.org\/web\/wp-json\/wp\/v2\/users\/13"}],"replies":[{"embeddable":true,"href":"https:\/\/dms.hallco.org\/web\/wp-json\/wp\/v2\/comments?post=2852"}],"version-history":[{"count":4,"href":"https:\/\/dms.hallco.org\/web\/wp-json\/wp\/v2\/pages\/2852\/revisions"}],"predecessor-version":[{"id":8019,"href":"https:\/\/dms.hallco.org\/web\/wp-json\/wp\/v2\/pages\/2852\/revisions\/8019"}],"wp:attachment":[{"href":"https:\/\/dms.hallco.org\/web\/wp-json\/wp\/v2\/media?parent=2852"}],"curies":[{"name":"wp","href":"https:\/\/api.w.org\/{rel}","templated":true}]}}